 64?
59
Calculate the remainder when 7854777 is divided by 38.
25
Calculate the remainder when 10150270 is divided by 143.
130
Calculate the remainder when 2233770 is divided by 134.
124
Calculate the remainder when 1210392 is divided by 403457.
21
What is the remainder when 31691008 is divided by 15845501?
6
What is the remainder when 600152639 is divided by 1642?
1639
What is the remainder when 101747 is divided by 115?
87
Calculate the remainder when 29019 is divided by 8284.
4167
What is the remainder when 7945663 is divided by 136?
135
Calculate the remainder when 294045252 is divided by 21.
18
What is the remainder when 6610678 is divided by 952?
942
Calculate the remainder when 13604251 is divided by 16.
11
What is the remainder when 103898 is divided by 209?
25
What is the remainder when 78461175 is divided by 8717908?
3
What is the remainder when 66320292 is divided by 1254?
1248
Calculate the remainder when 403758 is divided by 22425.
108
Calculate the remainder when 116505 is divided by 322.
263
What is the remainder when 932465 is divided by 23?
22
Calculate the remainder when 10529771 is divided by 1504242.
77
What is the remainder when 2252471 is divided by 25?
21
Calculate the remainder when 4411876 is divided by 6469.
18
What is the remainder when 6257405 is divided by 81265?
0
Calculate the remainder when 194401 is divided by 26874.
6283
Calculate the remainder when 936837 is divided by 519.
42
What is the remainder when 84357 is divided by 194?
161
What is the remainder when 4516303 is divided by 322586?
99
What is the remainder when 2880495 is divided by 720121?
11
What is the remainder when 33757 is divided by 356?
293
What is the remainder when 9635053 is divided by 3541?
3533
Calculate the remainder when 221574 is divided by 540.
174
What is the remainder when 26546 is divided by 758?
16
Calculate the remainder when 2591 is divided by 1716.
875
What is the remainder when 35027538 is divided by 3720?
18
What is the remainder when 428909 is divided by 1921?
526
Calculate the remainder when 5855908 is divided by 532354.
14
What is the remainder when 17858 is divided by 5022?
2792
Calculate the remainder when 631441 is divided by 315656.
129
Calculate the remainder when 13681536 is divided by 7881.
120
Calculate the remainder when 788541 is divided by 17321.
9096
Calculate the remainder when 625386 is divided by 208166.
888
Calculate the remainder when 567729 is divided by 3998.
13
Calculate the remainder when 64829301 is divided by 14917.
19
Calculate the remainder when 29243879 is divided by 7.
0
Calculate the remainder when 660324 is divided by 165078.
12
What is the remainder when 4731629 is divided by 404?
385
What is the remainder when 130329 is divided by 32553?
117
What is the remainder when 909145 is divided by 9001?
44
Calculate the remainder when 402075 is divided by 12563.
59
What is the remainder when 989130 is divided by 4?
2
Calculate the remainder when 3903787 is divided by 1002.
997
Calculate the remainder when 327564 is divided by 1585.
1054
Calculate the remainder when 4909701 is divided by 818280.
21
Calculate the remainder when 1656651 is divided by 32.
11
Calculate the remainder when 12695299 is divided by 325520.
19
What is the remainder when 5146984 is divided by 1286724?
88
Calculate the remainder when 58451 is divided by 4491.
68
What is the remainder when 489401 is divided by 243453?
2495
What is the remainder when 1020057 is divided by 10?
7
Calculate the remainder when 17584 is divided by 4372.
96
What is the remainder when 1450768 is divided by 58028?
68
Calculate the remainder when 5548378 is divided by 628.
626
What is the remainder when 395844 is divided by 7760?
84
What is the remainder when 60285 is divided by 3758?
157
What is the remainder when 6243048 is divided by 28?
0
What is the remainder when 453967 is divided by 3880?
7
Calculate the remainder when 269265 is divided by 858.
711
Calculate the remainder when 787662 is divided by 254.
8
Calculate the remainder when 255406 is divided by 418.
8
Calculate the remainder when 27459679 is divided by 114894.
13
What is the remainder when 1609022 is divided by 359?
343
Calculate the remainder when 657434 is divided by 2651.
2637
What is the remainder when 482458235 is divided by 43?
41
Calculate the remainder when 196369209 is divided by 4097.
4096
What is the remainder when 279387 is divided by 69846?
3
Calculate the remainder when 1491557 is divided by 496931.
764
What is the remainder when 105674 is divided by 13202?
58
Calculate the remainder when 636681 is divided by 210764.
4389
Calculate the remainder when 35685 is divided by 106.
69
Calculate the remainder when 35983293 is divided by 1234.
1087
Calculate the remainder when 3551813 is divided by 2258.
2237
What is the remainder when 410197711 is divided by 205098846?
19
What is the remainder when 418489 is divided by 172?
13
Calculate the remainder when 17105844 is divided by 116.
20
What is the remainder when 1816964 is divided by 77?
72
Calculate the remainder when 28191804 is divided by 6118.
60
Calculate the remainder when 19241780 is divided by 6399.
6386
What is the remainder when 121493 is divided by 620?
593
Calculate the remainder when 21588 is divided by 6496.
2100
What is the remainder when 94344 is divided by 18?
6
What is the remainder when 419691 is divided by 59940?
111
What is the remainder when 1868345 is divided by 9581?
50
Calculate the remainder when 431732 is divided by 172.
12
What is the remainder when 134815 is divided by 134777?
38
Calculate the remainder when 26268500 is divided by 577.
575
What is the remainder when 2233163 is divided by 2064?
1979
Calculate the remainder when 155689 is divided by 30770.
1839
What is the remainder when 259508 is divided by 56?
4
Calculate the remainder when 7033258 is divided by 242514.
352
What is the remainder when 57593008 is divided by 2886?
2878
What is the remainder when 853833 is divided by 56?
1
What is the remainder when 815300 is divided by 8673?
38
Calculate the remainder when 499810729 is divided by 10.
9
What is the remainder when 40634 is divided by 39782?
852
Calculate the remainder when 113866 is divided by 3673.
3
Calculate the remainder when 124003 is divided by 7738.
195
What is the remainder when 60770 is divided by 1036?
682
What is the remainder when 52154612 is divided by 35?
27
Calculate the remainder when 9350419 is divided by 1558373.
181
What is the remainder when 3667987 is divided by 3667972?
15
What is the remainder when 513905 is divided by 106?
17
What is the remainder when 5266091 is divided by 1707?
1703
Calculate the remainder when 2757034 is divided by 44467.
80
What is the remainder when 433151337 is divided by 30?
27
What is the remainder when 1218885 is divided by 987?
927
Calculate the remainder when 460436 is divided by 52.
28
Calculate the remainder when 136405 is divided by 479.
369
What is the remainder when 550601 is divided by 2103?
1718
What is the remainder when 10346592 is divided by 13?
9
What is the remainder when 3698757 is divided by 43008?
69
Calculate the remainder when 4244612 is divided by 97.
86
What is the remainder when 4890887 is divided by 17?
4
What is the remainder when 2105063 is divided by 24?
23
What is the remainder when 4130155 is divided by 2064907?
341
What is the remainder when 381682 is divided by 126827?
1201
Calculate the remainder when 56993856 is divided by 20.
16
Calculate the remainder when 266379 is divided by 1073.
275
Calculate the remainder when 254530 is divided by 2737.
2726
Calculate the remainder when 59140380 is divided by 658.
656
What is the remainder when 176694 is divided by 33000?
11694
What is the remainder when 42481597 is divided by 8496317?
12
What is the remainder when 3912514 is divided by 782501?
9
Calculate the remainder when 1933229 is divided by 1933228.
1
Calculate the remainder when 236656 is divided by 488.
464
What is the remainder when 81953990 is divided by 5?
0
Calculate the remainder when 71625299 is divided by 30324.
11
Calculate the remainder when 267709047 is divided by 3195.
3192
Calculate the remainder when 21988321 is divided by 1537.
1536
Calculate the remainder when 456247 is divided by 1816.
431
Calculat